 be r(9). Let c be (-594)/9 - (-2)/g. Let d = 134 + c. List the prime factors of d.
3, 23
Let q be (-5)/20 - 714/(-8). Suppose 5*m + q - 2367 = -4*x, 3*x = 6. What are the prime factors of m?
2, 227
What are the prime factors of 22325/7 + 14/(-49)?
3, 1063
Let q(p) = -5*p + 27. Let o = -15 + -11. What are the prime factors of q(o)?
157
Let q(i) = 313*i - 414. What are the prime factors of q(10)?
2, 7, 97
Let g(a) = a**3 - 4*a**2 - 19*a - 5. Let t = 262 + -251. List the prime factors of g(t).
3, 211
Let o be (0 - 15) + (-2)/(-6)*-3. Let a(q) = q**3 + 15*q**2 - 17*q - 18. Let n be a(o). List the prime factors of 3/6*n*-6 - 3.
3
Suppose -3*m - 82 = -106. List the prime factors of (-152)/(-10)*220/m.
2, 11, 19
Let u(h) = -h**3 + 13*h**2. Let m be u(13). Suppose 13*v - 7*v - 108 = m. Let w = 6 + v. What are the prime factors of w?
2, 3
Let f(q) = -q**3 + 106*q**2 - 125*q - 805. List the prime factors of f(104).
3, 2609
Suppose -120*o - 133*o + 2182469 + 615205 = 0. List the prime factors of o.
2, 3, 19, 97
Let h = -861 - -244. Let g = 1052 + h. List the prime factors of g.
3, 5, 29
Let r = -11 + 13. Suppose 5*p + r*s + 251 = -612, 0 = 2*s + 8. List the prime factors of (-1076)/(-18) - 38/p.
2, 3, 5
List the prime factors of ((5 + 0 - -141)/4)/((-2)/(-1072)).
2, 67, 73
Suppose -19*j + 19322 = -66330. List the prime factors of j.
2, 7, 23
Suppose -4*b + 8 = -2*q, -5*q + 26 = 3*b - 6. What are the prime factors of (-1)/b - 14280/(-160)?
89
Let i be ((-3)/6)/(((-2)/8)/1). Suppose 17 = r + v + 2*v, -i*r + 2*v = 6. Let o = 8 + r. List the prime factors of o.
2, 5
Let i be (-126)/15 + (-22)/(-55). List the prime factors of 118/(i*5/(-20)).
59
Let p = -62814 + 103238. List the prime factors of p.
2, 31, 163
Let a(w) be the third derivative of 19*w**5/30 - 7*w**4/6 + 7*w**3/3 + 2*w**2 + 167. List the prime factors of a(6).
2, 607
Let u be (-2 + (-38)/(-4))/(61/366). Let m = 9 - 7. Let k = m + u. List the prime factors of k.
47
Suppose -10*p - 328 = -2*p. Let q = -39 - p. Suppose -5*w = -8*n + 3*n + 50, 4*n = q*w + 42. What are the prime factors of n?
11
Let u be (-33)/(-6) - (12/8)/3. Suppose 2*c + 5*g + 103 = 0, -172 - 101 = u*c - 3*g. Let j = c - -63. What are the prime factors of j?
3
Let w(r) = -2*r**2 - 218*r + 46. List the prime factors of w(-23).
2, 3, 23, 29
Let v(i) = i**2 + 20*i + 51. Let s be v(-27). Let c = 280 - s. List the prime factors of c.
2, 5
Let f(c) = -c**2 - 11*c + 6. Let l be f(-11). Let w(i) = -28*i + 520. What are the prime factors of w(l)?
2, 11
Let l(b) = 4*b**2 - 23*b + 6. Let r be l(-5). Suppose -r*z + 230*z - 1062 = 0. List the prime factors of z.
2, 59
Suppose -4*p + 2*y - 4*y + 18 = 0, -4*p + 5*y = 17. Let d = 217 - 217. Suppose 4*u - 231 = -0*g + g, p*u - 2*g - 120 = d. What are the prime factors of u?
3, 19
Suppose -v - 6 = 3*w, 3*w - 4 = -4*v - 2*w. Suppose v*q = 16*q - 11080. What are the prime factors of q?
2, 277
Let h be (1 - 0) + (-1 - 2). Let x be h + -1 + 1 + 81. Let j = x - 58. List the prime factors of j.
3, 7
Let a(s) = 17*s**2 + 24*s + 92. Let p(f) = -32*f**2 - 46*f - 183. Let i(x) = -5*a(x) - 3*p(x). List the prime factors of i(-9).
2, 409
Let n = -2396 + 8515. What are the prime factors of n?
29, 211
Let i be (0 - -1)/(13 - 12)*-265. Let v = -116 - i. List the prime factors of v.
149
Suppose 377*g = -381*g + 760*g - 128064. List the prime factors of g.
2, 3, 23, 29
Let r(c) = -1081*c + 648. What are the prime factors of r(-6)?
2, 3, 29, 41
Let t(z) = 4*z**2 - 43*z - 128. Let n be t(-27). Suppose 569 = 3*c - n. List the prime factors of c.
2, 3, 251
Suppose -9*s = -109541 - 137203. What are the prime factors of s?
2, 23, 149
Let d = 4626 - -3701. What are the prime factors of d?
11, 757
Suppose 2*m = -0*m - 5*z + 16093, -3*m - z = -24133. List the prime factors of m.
2, 2011
List the prime factors of (-4)/6*(9 + 671055/(-14)).
43, 743
Let w(h) = h. Let k(r) = -51*r**2 + 3*r - 1. Let p(c) = k(c) - 5*w(c). Let z be p(2). Let j = z + 293. What are the prime factors of j?
2, 3, 7
Let q = -212 - -220. Suppose 4*c + 2*j = q*c - 4088, 0 = 4*j + 8. What are the prime factors of c?
1021
Suppose 5*o - 19 = -3*q, -q = -6*q - 3*o + 21. Let j be q*((-6)/18 - -4). Suppose -j*c + 2053 = -763. List the prime factors of c.
2
Let m = -12121 - -23735. What are the prime factors of m?
2, 5807
Let z be 1 + ((-3)/5 - (-1594)/(-10)). Suppose -8*r - 216 = -2*r. Let t = r - z. What are the prime factors of t?
3, 41
Let y(f) = f**3 - 7*f**2 + f + 11. Let a be y(7). Suppose 2*b - x + 22 = 3*x, 3*b + 17 = 2*x. List the prime factors of b/(a/(-124))*(-45)/(-6).
5, 31
What are the prime factors of (-1 - -2)*10*(1326/39 + 440)?
2, 3, 5, 79
Let l(k) = -98*k**3 - 10*k**2 - 86*k - 265. What are the prime factors of l(-7)?
33461
Let z(f) = 587*f**3 - 10*f**2 + 13*f - 24. List the prime factors of z(3).
2, 3, 11, 239
Suppose 113*o = 81*o + 881536. List the prime factors of o.
2, 71, 97
Let y(b) = 240*b + 422. List the prime factors of y(23).
2, 2971
Suppose 795 = -o - 13*o + 13255. List the prime factors of o.
2, 5, 89
Suppose -3*k + 5*r + 62591 = 0, 2*k + 59*r - 60*r = 41732. What are the prime factors of k?
7, 11, 271
Suppose 426*b + 5622 = 429*b. Suppose -2354 = -5*h + 2*s, -4*h - 10*s + 7*s + b = 0. List the prime factors of h.
2, 5, 47
Suppose 61*x + 33*x + 27*x - 155969 = 0. List the prime factors of x.
1289
Let x(h) = -922*h + 2334. List the prime factors of x(-41).
2, 29, 173
Let i = 4000 + -4054. Let b(v) = 3*v + 1. Let g be b(5). Let k = g - i. What are the prime factors of k?
2, 5, 7
Let f(d) = 44*d + 224. What are the prime factors of f(8)?
2, 3
Let u(v) = 66*v**3 + 2*v - 5. Let a be u(2). Suppose -4625 = -6*k - a. What are the prime factors of k?
683
Let w(a) = a**3 + 8*a**2 - 2*a + 12. Let h(t) = 7*t**3 - 3. Let f(v) = 3*v**3 - 1. Let d(m) = 5*f(m) - 2*h(m). Let i be d(-2). List the prime factors of w(i).
3, 5
Let l be (-144)/9 - (-1 + -3). Let q be (-240)/32*l/10. Suppose q*d = 10*d - 20. What are the prime factors of d?
2, 5
Let b = 2296 + 4974. List the prime factors of b.
2, 5, 727
Suppose 5*d - 5 = u - 0*u, -4*u - 4 = -4*d. Suppose -12 + u = -4*l. Let m(a) = a**3 + 3. What are the prime factors of m(l)?
2, 3, 5
Suppose 4*k + 3*k = -k. Suppose 4*r - 73 - 527 = k. What are the prime factors of r?
2, 3, 5
List the prime factors of (-5 - 126/(-30))/((-4)/12730).
2, 19, 67
Let l(k) be the first derivative of 8*k**4/3 - 3*k**3/2 + 10*k**2 + 10*k - 21. Let s(t) be the first derivative of l(t). What are the prime factors of s(3)?
281
Let h = -113 - -215. Let z = -14443 + 14573. Let q = z - h. List the prime factors of q.
2, 7
Let d(s) = 6*s**2 - 6*s + 8. Suppose -2*u + 20 = 5*p, -4*u + 1 + 7 = 2*p. Let n be d(p). Let k = n - -79. List the prime factors of k.
3, 53
Let d(u) = -3*u**2 - 21*u + 5. Let g be d(-7). Suppose 4*l - 753 = -g*r, -5*l - r + 570 + 366 = 0. What are the prime factors of l?
11, 17
Let k(l) = -2*l**2 + 18*l - 7. Let z be k(7). Suppose -11 = 5*p - z. Suppose -p*y - 5*a + 165 = 64, -2*y = -5*a - 71. What are the prime factors of y?
43
Let q(s) = -s**3 - 28*s**2 + 2*s + 48. Let g be q(-28). List the prime factors of ((-2)/g)/(6/258)*20.
5, 43
Let v(l) = 458*l**2 - 57*l + 264. What are the prime factors of v(6)?
2, 3, 5, 547
Let c(u) = -4929*u + 6545. What are the prime factors of c(-4)?
26261
Suppose 5*i + 4*t + 210 = -t, -2*i = -t + 96. Let g = i + 49. Suppose -165 - 126 = -g*w. List the prime factors of w.
97
List the prime factors of (-36)/(-78) - (-3087180)/468.
3, 733
Let s be 3/6*(131 + (-2)/2). Let d = s + -60. Suppose -g - 208 = -d*g. List the prime factors of g.
2, 13
Suppose -4*f = -4*t - 664, 5*f - 2*t - 11 = 819. Let l = -78 + f. List the prime factors of l.
2, 11
Suppose -5*t = -2*q - 172 + 8042, q - t = 3938. List the prime factors of q.
2, 5, 197
Suppose -5*j = 9*w - 11*w - 24689, -5*j = 2*w - 24721. What are the prime factors of j?
3, 61
Let r(b) = 6*b - 33. Let z be r(6). Suppose -i - 4*u - z = 4, -5*i + 16 = 3*u. Suppose 5*a = -2*p + 325, i*p = 3*a - 163 - 32. What are the prime factors of a?
5, 13
Suppose -2*l - 101468 = -2*d, -4*d - 4*l + 223255 = 20383. What are the prime factors of d?
2, 13, 1951
Suppose a = 2*a, -24 = -4*n - 5*a. List the prime factors of (-954)/(-27)*9/n.
53
Let k(w) = -437*